{"id":186,"date":"2023-04-17T20:44:16","date_gmt":"2023-04-17T20:44:16","guid":{"rendered":"https:\/\/kroliday.de\/?page_id=186"},"modified":"2023-04-17T20:44:16","modified_gmt":"2023-04-17T20:44:16","slug":"adresse-und-bankverbindung","status":"publish","type":"page","link":"https:\/\/dags-schwalbach.de\/?page_id=186","title":{"rendered":"Adresse und Bankverbindung"},"content":{"rendered":"\n<p><strong>Adresse:<\/strong><br>Deutsch-Ausl\u00e4ndische Gemeinschaft Schwalbach e.V.<br>Danziger Str. 1<br>65824 Schwalbach am Taunus<\/p>\n\n\n\n<p><strong>E-Mail-Adresse:<\/strong><br><a href=\"mailto:info@dags-schwalbach.de\">Deutsch-Ausl\u00e4ndische Gemeinschaft Schwalbach e.V.<\/a><\/p>\n\n\n\n<p><strong>Bankverbindung:<\/strong><br>Deutsch-Ausl\u00e4ndische Gemeinschaft Schwalbach e.V.<br>Taunussparkasse<br>IBAN:DE43 5125 0000 0049 0015 33<br>BIC: HELADEFITSK<\/p>\n","protected":false},"excerpt":{"rendered":"<p>Adresse:Deutsch-Ausl\u00e4ndische Gemeinschaft Schwalbach e.V.Danziger Str. 165824 Schwalbach am Taunus E-Mail-Adresse:Deutsch-Ausl\u00e4ndische Gemeinschaft Schwalbach e.V. Bankverbindung:Deutsch-Ausl\u00e4ndische Gemeinschaft Schwalbach e.V.TaunussparkasseIBAN:DE43 5125 0000 0049 0015 33BIC: HELADEFITSK<\/p>\n","protected":false},"author":1,"featured_media":0,"parent":0,"menu_order":0,"comment_status":"closed","ping_status":"closed","template":"","meta":{"footnotes":""},"class_list":["post-186","page","type-page","status-publish","hentry"],"_links":{"self":[{"href":"https:\/\/dags-schwalbach.de\/index.php?rest_route=\/wp\/v2\/pages\/186","targetHints":{"allow":["GET"]}}],"collection":[{"href":"https:\/\/dags-schwalbach.de\/index.php?rest_route=\/wp\/v2\/pages"}],"about":[{"href":"https:\/\/dags-schwalbach.de\/index.php?rest_route=\/wp\/v2\/types\/page"}],"author":[{"embeddable":true,"href":"https:\/\/dags-schwalbach.de\/index.php?rest_route=\/wp\/v2\/users\/1"}],"replies":[{"embeddable":true,"href":"https:\/\/dags-schwalbach.de\/index.php?rest_route=%2Fwp%2Fv2%2Fcomments&post=186"}],"version-history":[{"count":1,"href":"https:\/\/dags-schwalbach.de\/index.php?rest_route=\/wp\/v2\/pages\/186\/revisions"}],"predecessor-version":[{"id":187,"href":"https:\/\/dags-schwalbach.de\/index.php?rest_route=\/wp\/v2\/pages\/186\/revisions\/187"}],"wp:attachment":[{"href":"https:\/\/dags-schwalbach.de\/index.php?rest_route=%2Fwp%2Fv2%2Fmedia&parent=186"}],"curies":[{"name":"wp","href":"https:\/\/api.w.org\/{rel}","templated":true}]}}